)/22 + 1108/b?
5
Suppose 0 = 5*u - 5*a - 15, 2*u - 6*u - 4*a = -28. Suppose 2*m - 4*z - 14 = 24, -u*m = -4*z - 101. Suppose -90 = -p - m. What are the prime factors of p?
3, 23
Let q = 931 + -117. What are the prime factors of q?
2, 11, 37
Let l(a) = -3*a**3 - 2*a**2 + a - 1. Suppose 5*w - 19 = -4. Let s be ((-4)/(-3)*w)/(-2). List the prime factors of l(s).
13
Let i(u) = -u + 31. Let z be i(7). Let s = 37 + z. What are the prime factors of s?
61
Let u be (-105)/245 - ((-2684)/7 - 1). Suppose 0 = 22*a - 6*a - u. What are the prime factors of a?
2, 3
Suppose 3*p - 156 = -3*p. Let b = 3 + p. What are the prime factors of b?
29
Suppose 5475 = 64*p - 59*p. What are the prime factors of p?
3, 5, 73
What are the prime factors of 365/(203/(-21) + 10)?
3, 5, 73
Suppose -6911 = -13*l + 1877. List the prime factors of l.
2, 13
Let i(y) = y**2 - 5. Let r(g) = g. Let z(w) = -i(w) + 3*r(w). Let d be z(3). Suppose -56 = -4*o + d*v - 2*v, -4*o + 56 = 4*v. List the prime factors of o.
2, 7
List the prime factors of 10/12 + -1*(-20476)/24.
2, 7, 61
Let s = 910 - -30. List the prime factors of s.
2, 5, 47
Suppose -m = -4*r - 20, -m + 5*r - 2*r + 17 = 0. Let h = 104 + -101. Suppose -4*c - 2*n = 0, c - 3*n = h*c + m. What are the prime factors of c?
2
Let y(g) = 3*g**3 + 2*g**2 + 2*g. Let z be y(3). Suppose 0 = -2*x + 2, -j - x + 34 - z = 0. Let i = -46 - j. List the prime factors of i.
2, 13
Suppose 0 = 3*f - 3*v + 6*v - 48, 0 = 2*f - 3*v - 42. Suppose -22*i = -f*i - 12. What are the prime factors of i?
3
Let v(g) be the first derivative of -3 - 1/4*g**4 - 7/2*g**2 - 2*g + 10/3*g**3. List the prime factors of v(9).
2
Suppose -71 = -j + 5*q, 281 = j + 2*j + 2*q. Let k = j - 65. What are the prime factors of k?
2, 13
Let y be (-3)/(-3)*2/1. Let k be (2/2)/(-3 + 26/8). Suppose -y*r + 2 = 5*g + 2*r, k = 3*g + r. What are the prime factors of g?
2
Let l(i) be the third derivative of i**5/60 - i**4/8 + 7*i**3/6 + i**2. List the prime factors of l(5).
17
Let h(u) = 2*u**3 + 2*u**2 - 2*u + 4. Let p be h(-4). List the prime factors of ((-15)/(-30))/((-1)/p).
2, 3, 7
Suppose 5*o + 4*d = 1646, -56*d - 1296 = -4*o - 54*d. List the prime factors of o.
2, 163
Suppose p - 74 = -l, 3*l - 103 = -5*p + 129. List the prime factors of (-16)/4 + 3 + l.
2, 17
Let v(w) = -3 - 3*w**2 - 14*w + 5*w**3 - 3*w**3 + 15*w. Let g(x) = -x - 4. Let o be g(-7). What are the prime factors of v(o)?
3
Let n = 5 + -10. Let z(y) = 2*y + 7. Let p(k) = -k - 2. Let i(t) = 7*p(t) + 2*z(t). What are the prime factors of i(n)?
3, 5
Let s(u) = -u**3 + 3*u**2 - 3*u + 5. Let w be s(2). Let a(l) = 10*l**2 - 6*l**w + 2*l**3 + 2*l + 3*l**3 + 7. What are the prime factors of a(10)?
3
Let y(z) = -82*z - 543. List the prime factors of y(-32).
2081
Let b(k) = 10*k + k**2 - 3 + 7*k + 10. Let u be b(-7). Let v = -25 - u. List the prime factors of v.
2, 19
Suppose 61 = -5*d - y + 2, 3*d = -y - 37. Let g = 30 + d. What are the prime factors of g?
19
List the prime factors of (2460/8)/((-35)/(-10) - 3).
3, 5, 41
Let q(z) = z**3 + 19*z**2 - 20*z - 20. Let v be q(-20). What are the prime factors of (-8)/v*(-695)/(-2)?
139
Let m(c) = -8*c**2 + 10*c + 27. Let q(u) = 7*u**2 - 10*u - 26. Let i(d) = 6*m(d) + 7*q(d). List the prime factors of i(15).
5, 11
Let v = 280 - 131. List the prime factors of v.
149
Let n(i) = -14*i**3 + 3*i**2 + 2*i - 38. What are the prime factors of n(-5)?
1777
Suppose 0 = -26*y + 11677 - 2837. List the prime factors of y.
2, 5, 17
Let n(g) = -173*g + 124. List the prime factors of n(-7).
3, 5, 89
Suppose 5 - 1 = 2*z. Let y be (z - (-6)/9)*3. What are the prime factors of (48 - 2) + y + -10?
2, 11
Let b(n) be the second derivative of 4*n**3 - 45*n**2/2 - 6*n. List the prime factors of b(7).
3, 41
Let k = -23 + 25. Suppose -4*z - 161 = -3*l, -k*l + 224 = 2*l - 3*z. Let w = l + -35. List the prime factors of w.
2, 3
Suppose 5*i = -5*r + 30, 4*r = -3*i + 8 + 13. Suppose -a + r*a = 0. Suppose y - b - b = 6, y - 4*b - 10 = a. What are the prime factors of y?
2
Let k = -10 + 12. Let q = k - 5. What are the prime factors of ((-24)/(-10))/(q/(-20))?
2
Suppose -842 = -3*k + 4*u, -298 = -k + u - 4*u. What are the prime factors of k?
2, 11, 13
Let b = -701 - -962. What are the prime factors of b?
3, 29
Let p = 15 - 6. Suppose -p*w + 16*w = 56. List the prime factors of w.
2
Suppose 0 = 5*y + 3*b - 2920, -2*b = y + 20 - 597. List the prime factors of y.
587
Let o(d) = 2*d + 8*d**2 + 6 - d + 0*d. What are the prime factors of o(-3)?
3, 5
Let q = 19 + -16. Suppose 4*v - 140 = q*h, -5*v - 2*h = h - 175. List the prime factors of v.
5, 7
Suppose 5*p - 4*p = -2*n + 2591, -2*p - 5*n + 5181 = 0. List the prime factors of p.
2593
Suppose 0 = -2*l - 5*b - 2, -3*b + 2 = 3*l + 5. Let x(i) = -131*i - 8. What are the prime factors of x(l)?
3, 41
Suppose 0*r = 3*r + 2*k - 6, -r - 8 = 4*k. Suppose 824 + 412 = r*t. List the prime factors of t.
3, 103
Suppose -1257 = -5*u + 4*u + 5*f, 4*f = 5*u - 6306. What are the prime factors of u?
2, 631
Let d(v) = 5*v**3 - 3*v**2 - v - 8. Let b(w) = w**3 + w**2 + w. Let x(o) = -4*b(o) + d(o). Let j be x(8). Let t = -3 + j. List the prime factors of t.
13
Suppose 2873 = -4*c - b + 9168, -2*b = 3*c - 4715. What are the prime factors of c?
3, 5, 7
Suppose -19 + 7 = -3*i. Suppose -4 = -i*v + 2*v. Suppose 4*t = v*t + 26. What are the prime factors of t?
13
Let v be (1 - (-39)/12)*676. Suppose 2*x - v = -11*x. List the prime factors of x.
13, 17
Let t = -1354 + 1833. List the prime factors of t.
479
Let h = -65 + 67. Suppose -5*c + 828 = -h*w + 3*w, c - 168 = w. List the prime factors of c.
2, 83
Let v(a) = -a - 2. Let j be v(16). Let g(b) = -b - 13. Let h be g(0). Let u = h - j. What are the prime factors of u?
5
Let s = 2827 - 507. List the prime factors of s.
2, 5, 29
Suppose -31*g - 4*i + 26200 = -27*g, -5*i = 3*g - 19642. What are the prime factors of g?
2, 29, 113
Suppose -4*q = q + 15, -4*s = -3*q + 27. List the prime factors of s/(-7 - -4) - -69.
2, 3
Let j(q) = -q**3 - 7*q**2 - 6*q + 5. Let l be j(-6). Suppose 5 = z, z - 19 = -l*b + 176. Suppose b + 147 = 5*g. List the prime factors of g.
37
Let x = -61 + 115. Suppose 0 = -6*a + 3*a + x. What are the prime factors of (27 - a)*(-16)/(-3)?
2, 3
Suppose 9*c - 2*c - 14 = 0. Suppose -4*k = -5*k - c*r + 112, -595 = -5*k - 3*r. What are the prime factors of k?
2, 61
Suppose -4*r + 5*b - 6 = 0, -2*r - 4*b - 13 = 3. Let g be (r/(-5))/(6/15). Suppose g - 4 = 2*h, -5*h = 5*p - 125. What are the prime factors of p?
2, 13
Suppose 3*r + 512 = 4*i, -i + 5*r - 31 + 176 = 0. What are the prime factors of i?
5
Let v be -3 + -2 + 2 + 5. Suppose 0*k - 5*c = -k - 16, -v = -k - c. List the prime factors of (-99)/(-6) - k/2.
17
Let d(c) = -1 + 2*c**2 - 3*c**2 - 2*c + 11*c. Let r be d(9). What are the prime factors of r/3*-3 + 20?
3, 7
Let f(x) = 0*x - x + 9*x**2 - 6 - x**3 + 2*x**3 + 0*x. List the prime factors of f(-6).
2, 3
Let b(f) = -3*f - 15. Let j be b(-8). Suppose -o + j*o = 792. List the prime factors of o.
3, 11
Suppose 4*m = 160 + 1756. What are the prime factors of m?
479
Let j(d) = d**2 + 2*d - 6. Let b(o) = -o + 1. Let k(y) = 5*y - 13. Let c(l) = 2*b(l) + k(l). Let h be c(5). What are the prime factors of j(h)?
2, 3
Let l = -112 + 123. Let x be 2/8 - (-18)/(-8). Let q = l + x. What are the prime factors of q?
3
Suppose 3*w = -w. Suppose 4*u + d - 20 = w, -4*d + 38 = 5*u + 2. What are the prime factors of (u/10)/(12/840)?
2, 7
Let v(b) be the third derivative of b**5/60 - b**4/12 - 49*b**3/6 - 2*b**2 + 27*b. List the prime factors of v(15).
2, 73
Let g be 2 + (1 - (-35 + 0)). Let x = -39 + g. List the prime factors of ((0 - 5)*14)/x.
2, 5, 7
Suppose -3*s + j = 6*j + 10, 0 = -5*s - 5*j - 10. Suppose r + r - 122 = s. List the prime factors of r.
61
Let s = 38 - 41. Let k be (-17)/s + (-42)/63. What are the prime factors of k/(3/(20 - -1))?
5, 7
Suppose 3*m = -m + 8, 10 = 2*z + 2*m. List the prime factors of 0 + (z/(-9) - 1115/(-15)).
2, 37
List the prime factors of 3/3 + (23 - -4676).
2, 5, 47
Let t = -33 + 37. Suppose -t*d - 345 = -9*d. List the prime factors of d.
3, 23
Let g = 3950 + -723. What are the prime factors of g?
7, 461
Suppose 0 = 4*g - 16, -g + 390 = 3*d + 2*g. Suppose p - d = 4*h, -4*h + 3 = 15. List the prime factors of p.
2, 3, 19
